t derivative of -z**3/3 + 5*z**2 - 11*z - 322. Let k(v) = -v**3 - v**2 + 4*v - 1. Let n be k(-3). List the prime factors of b(n).
2, 7
Suppose 5*k + 10*d - 87704 = 6*d, 0 = k + 2*d - 17542. List the prime factors of k.
2, 5, 877
Let b(q) = 2*q**2 + 18*q + 20. Let g be b(-9). Suppose -6*h + g - 32 = 0. Let j(a) = 23*a**2 + 4*a + 2. List the prime factors of j(h).
2, 43
Suppose t = 1083 - 385. What are the prime factors of 3 + t + -9 + 13?
3, 5, 47
Suppose -9*u = -9 + 9. Suppose -h - 2*y - 6 = u, -3*y = 2*h - 1 + 8. List the prime factors of (9*h/24)/((-6)/(-76)).
19
Suppose -y = 3*w - 5122, 121*y - 117*y + 5*w - 20453 = 0. What are the prime factors of y?
5107
Let z(j) = -53*j - 9. Let x be 13/(-26) - (-33)/(-6). List the prime factors of z(x).
3, 103
Let z = -20 + 32. Let l be -24 + z/(-8)*(-4)/3. What are the prime factors of -3 + 2/(-11) + (-2754)/l?
2, 61
Let t be 4136/64 + (-9)/(-24). Let k(s) = -63 - 2*s + 35*s + t. What are the prime factors of k(6)?
2, 5
Let c be 1*(-523*3)/(-3). Suppose -w + 4*w = y + 508, -3*w - 2*y = -c. Let l = w - 98. What are the prime factors of l?
73
Suppose -8 = 8*b - 24. Suppose -3*w + 1669 = 5*h, -h - b*w + 1666 = 4*h. List the prime factors of h.
2, 83
Let j be (0 - 0 - 1)*3 + 3836. Suppose 3*z = z + 5*x + 1527, 5*z - j = -3*x. What are the prime factors of z?
2, 383
Let y(b) = -273*b + 3. Let l be y(-5). Suppose -l + 30 = -2*x. What are the prime factors of x?
3, 223
Let n = -282 + 308. Let k be -1 + -1 + -2 + 6. Suppose k*v - 71 = -v + 2*g, -n = -v + 3*g. What are the prime factors of v?
23
Let v(m) = m**3 + 19*m**2 + 21*m + 6. Let p be v(-17). Suppose p - 2579 = -2*k. Suppose -7*h - h = -k. What are the prime factors of h?
3, 7
Suppose 10*c - 377 = 673. Let y = -40 + c. List the prime factors of y.
5, 13
Suppose 8*u - 196 = 4*a + 4*u, -5*a = -2*u + 248. Let x be 2303/16 + 8/128. Let p = a + x. List the prime factors of p.
2, 47
Let m(f) = -58*f - 177. Let s be m(-22). Let h = s + -556. What are the prime factors of h?
3, 181
Let b(c) = -38*c**3 - c**2 - 2*c - 3. Let z be b(-2). Let x = z - -83. What are the prime factors of x?
2, 3
Let z(g) = -g + 39. Let o(s) = -s**3 + 4*s**2 + 3*s - 16. Let x be o(3). Suppose -35 = -3*u + 2*w, -x*u = -3*u - 3*w + 19. What are the prime factors of z(u)?
2, 13
Suppose -105*f + 60*f + 686295 = 0. List the prime factors of f.
101, 151
Suppose -2*k + 5*l + 6055 = 0, 549*k + l = 546*k + 9074. What are the prime factors of k?
5, 11
Let r(v) = 98*v**3 - 23*v**2 + 105*v - 42. What are the prime factors of r(7)?
2, 3, 5, 7, 79
Let y(v) = 9*v + 6. Let g be y(2). Suppose 4*s = -h - 0*h + g, -h = 2*s - 14. Suppose 0 = -3*k - 5*d + 164, -d + h*d - 3 = 0. What are the prime factors of k?
53
Suppose 5*z - 171090 = 2*f, 6*z - 3*f + 171115 = 11*z. What are the prime factors of z?
2, 5, 29, 59
Let f(p) = 7*p + 23. Suppose -3*w = 2*a + w - 30, -3*a + 3*w = -45. Suppose a*z = 16*z - 9. What are the prime factors of f(z)?
2, 43
Let v(h) be the first derivative of h**3/3 + 9*h**2 - 162*h - 100. List the prime factors of v(16).
2, 191
Let x = 5 + -3. Suppose -3*i - 247 = 224*k - 225*k, 711 = 3*k + i. Suppose -x*u = -70 - k. List the prime factors of u.
2, 7, 11
Let k(t) = -t**3 - 7*t**2 + 7*t - 19. Let n be k(-6). Let p = 102 + n. What are the prime factors of p + (-30)/3 + 270?
5, 53
Let z = 164698 - 96710. List the prime factors of z.
2, 23, 739
Let g(j) = 4*j + 24. Suppose 2*k = 4*b - 122, -127 = -6*b + 2*b + k. Suppose -b = -0*p - 3*p. What are the prime factors of g(p)?
2, 17
List the prime factors of ((-6)/26 - 12369/19747)/(2/(-39256)).
2, 3, 701
Let y = -6867 + 10846. What are the prime factors of y?
23, 173
Let f = 1 - -1. Let r be 2656/11 + (-7 + 9 - 16/11). Suppose 3*m = -0*m - o + 169, f*o + r = 4*m. What are the prime factors of m?
2, 29
Let m be (0 + (-3)/6)*36 + 0. Let q(n) = -n**3 - 20*n**2 - 45*n - 7. Let o be q(m). Let i = o - 49. List the prime factors of i.
2, 53
Let s = -8513 + 24296. What are the prime factors of s?
3, 5261
Let f(u) be the second derivative of -u**5 + u**4/12 + 3*u**3/2 + u**2 - 6*u + 11. What are the prime factors of f(-4)?
2, 631
Suppose -76*y = -75*y - 1. Let h(w) be the third derivative of 7*w**4 - 10*w**2. What are the prime factors of h(y)?
2, 3, 7
Let f = 293 + -54. Let q(v) = -11*v - 25. Let a be q(7). Let o = a + f. List the prime factors of o.
137
Suppose 3*x - 9 = 0, 8*x + 25209 = 3*b + 10*x. What are the prime factors of b?
31, 271
Let f = -1145 - -1748. Let l be (-284*1)/(10/15). Let j = l + f. List the prime factors of j.
3, 59
Let t = 14327 - 1652. What are the prime factors of t?
3, 5, 13
Let h = 10893 + -10546. List the prime factors of h.
347
Let l(z) = z**2 - 14*z + 51. Suppose 12*i - 15 = 9*i. List the prime factors of l(i).
2, 3
Suppose 99*n - 94*n - 4*t = 117369, 2 = -2*t. List the prime factors of n.
23473
Suppose -47*b - 61 = -249. List the prime factors of 4365/(-6)*b/(-2).
3, 5, 97
Suppose 71*o = 129*o - 1188478. What are the prime factors of o?
31, 661
Let b be 6/33 - (1 - (-126)/(-33)). Suppose -3*i = -4*p + 36 - 108, b*p + 51 = 3*i. List the prime factors of (-3)/((-63)/597) + 9/p.
2, 7
Let r = 7253 - 360. List the prime factors of r.
61, 113
Let p(f) = 12*f - 92. Let b be p(-22). Let m = -241 - b. What are the prime factors of m?
5, 23
Let m(j) = 4454*j - 26. Let k be m(-1). Let p = k + 6433. List the prime factors of p.
3, 7, 31
Let s be -9*((-6)/(-9) + 4). Let c be 20/6 - 28/s. Suppose x - 21 = r + 29, c*r = 16. What are the prime factors of x?
2, 3
Let y(t) = 112*t - 39. Let b(f) = -109*f + 38. Let s(x) = -7*b(x) - 6*y(x). List the prime factors of s(14).
2, 3, 23
List the prime factors of 3030909/231 - 16/(-88).
13121
Suppose b = -2*z + 5666, 3*b - 4*z - 16998 = -9*z. List the prime factors of b.
2, 2833
Let l(b) = -2*b**3 - 6*b**2 - 21*b - 11. Let p be l(-6). Suppose 5*i - 5*d = 1565, p = -4*i + 5*i + 5*d. List the prime factors of i.
2, 79
Suppose 0 = x + 2*r + 2332 - 6119, 15128 = 4*x - 2*r. What are the prime factors of x?
3, 13, 97
What are the prime factors of -33*(5620/(-80) - 6/8)?
3, 11, 71
Let j = -4419 - -10621. Suppose -19*y = -j - 619. What are the prime factors of y?
359
Suppose -6 - 306 = -39*j. What are the prime factors of (16/j - 8) + 205?
199
Suppose -5*s - 2*b - 27 = 0, -5*s + 4*b - 10 = 41. Let c be (3 + 25/s)*-7. Suppose -c*i + 302 + 102 = 0. What are the prime factors of i?
101
Let p(z) = -6*z + 21. Let n be p(11). Let y = -43 - n. Suppose -s + 14 = 2*q, 4*s + y*q - 3 - 83 = 0. What are the prime factors of s?
2, 3
List the prime factors of 7586 + (7 - (8 - -9)).
2, 947
Suppose 0 = -99*z + 97*z - 464. Let d = z + 341. What are the prime factors of d?
109
Let x = -15 + 11. Let u = -4 - x. Suppose u = 8*p - 6*p - 58. List the prime factors of p.
29
Let n be 152/28 + (-15)/35. Suppose 4*f - 646 = -2*k, -n + 9 = -f. What are the prime factors of k?
331
Suppose -44*o = -83 - 1501. Suppose -33*h = -o*h + 3027. What are the prime factors of h?
1009
Let y be 4/7 + (-1378)/182. What are the prime factors of (y + 398/(-8))*(-1 - 3)?
227
Suppose -70896 = -81*j - 5772. What are the prime factors of j?
2, 3, 67
Suppose -14 = -10*v + 16. Suppose -4*d = -v*d - 20. Suppose -6*r - 3486 = -d*r. What are the prime factors of r?
3, 83
Let c = -1155 - -3702. List the prime factors of c.
3, 283
Suppose -b + 776 - 59 = 0. List the prime factors of b.
3, 239
Let p = 2216 + -1550. Let q be p/108 - (-2)/(-12). Suppose -16 = -q*n + 5*n. List the prime factors of n.
2
Let d = 920 + -918. Suppose -5*h + 240 = -d*h. List the prime factors of h.
2, 5
Let n(b) = 232*b**2 + 210*b - 28. What are the prime factors of n(7)?
2, 3, 5, 7, 61
Let p(v) = -v**3 - 11*v**2 - 15*v - 25. Suppose 0 = -7*w + 20*w - 130. Suppose -5*d = -4*d + w. What are the prime factors of p(d)?
5
Let s(x) = -3*x**2 + x + 1. Let r(d) = -109*d**2 + 34*d - 86. Let g(u) = -r(u) + 4*s(u). What are the prime factors of g(3)?
3, 97
Let i be -7 + 1*-2*(-17)/34. List the prime factors of i/12*1084*1*-1.
2, 271
Let z(f) = -f**3 - 4*f**2 - 4*f - 2. Let j be z(-4). Suppose 15*d - j*d - 3 = 0. Suppose -4*a = -d*a - 56. What are the prime factors of a?
2, 7
Suppose 84*u - 824817 = 1535247. What are the prime factors of u?
2, 439
Suppose 4*i = -29*i + 884697. List the pr